{"id":18,"date":"2023-08-24T17:21:17","date_gmt":"2023-08-24T15:21:17","guid":{"rendered":"http:\/\/photocanoeardeche.com\/Photo7\/?page_id=18"},"modified":"2023-08-27T20:57:23","modified_gmt":"2023-08-27T18:57:23","slug":"photo-canoe-ardeche","status":"publish","type":"page","link":"https:\/\/photocanoeardeche.com\/Photo7\/","title":{"rendered":"Photo Cano\u00eb Ard\u00e8che"},"content":{"rendered":"\t\t<div data-elementor-type=\"wp-page\" data-elementor-id=\"18\" class=\"elementor elementor-18\" data-elementor-post-type=\"page\">\n\t\t\t\t\t\t<section class=\"elementor-section elementor-top-section elementor-element elementor-element-0487e04 elementor-section-boxed elementor-section-height-default elementor-section-height-default\" data-id=\"0487e04\" data-element_type=\"section\">\n\t\t\t\t\t\t<div class=\"elementor-container elementor-column-gap-default\">\n\t\t\t\t\t<div class=\"elementor-column elementor-col-100 elementor-top-column elementor-element elementor-element-1796e21\" data-id=\"1796e21\" data-element_type=\"column\">\n\t\t\t<div class=\"elementor-widget-wrap elementor-element-populated\">\n\t\t\t\t\t\t<div class=\"elementor-element elementor-element-4f0ed7c elementor-widget elementor-widget-heading\" data-id=\"4f0ed7c\" data-element_type=\"widget\" data-widget_type=\"heading.default\">\n\t\t\t\t<div class=\"elementor-widget-container\">\n\t\t\t\t\t<h1 class=\"elementor-heading-title elementor-size-default\">Photo Cano\u00eb Ard\u00e8che<\/h1>\t\t\t\t<\/div>\n\t\t\t\t<\/div>\n\t\t\t\t\t<\/div>\n\t\t<\/div>\n\t\t\t\t\t<\/div>\n\t\t<\/section>\n\t\t\t\t<section class=\"elementor-section elementor-top-section elementor-element elementor-element-2a50b03 elementor-section-boxed elementor-section-height-default elementor-section-height-default\" data-id=\"2a50b03\" data-element_type=\"section\">\n\t\t\t\t\t\t<div class=\"elementor-container elementor-column-gap-default\">\n\t\t\t\t\t<div class=\"elementor-column elementor-col-100 elementor-top-column elementor-element elementor-element-5253a6a\" data-id=\"5253a6a\" data-element_type=\"column\">\n\t\t\t<div class=\"elementor-widget-wrap elementor-element-populated\">\n\t\t\t\t\t\t<div class=\"elementor-element elementor-element-b7f3959 elementor-widget elementor-widget-heading\" data-id=\"b7f3959\" data-element_type=\"widget\" data-widget_type=\"heading.default\">\n\t\t\t\t<div class=\"elementor-widget-container\">\n\t\t\t\t\t<h2 class=\"elementor-heading-title elementor-size-default\">D\u00e9couvrez les photos de votre descente de l'Ard\u00e8che en cano\u00eb !<\/h2>\t\t\t\t<\/div>\n\t\t\t\t<\/div>\n\t\t\t\t\t<\/div>\n\t\t<\/div>\n\t\t\t\t\t<\/div>\n\t\t<\/section>\n\t\t\t\t<section class=\"elementor-section elementor-top-section elementor-element elementor-element-d93fa14 elementor-section-boxed elementor-section-height-default elementor-section-height-default\" data-id=\"d93fa14\" data-element_type=\"section\">\n\t\t\t\t\t\t<div class=\"elementor-container elementor-column-gap-default\">\n\t\t\t\t\t<div class=\"elementor-column elementor-col-100 elementor-top-column elementor-element elementor-element-c9c6f2a\" data-id=\"c9c6f2a\" data-element_type=\"column\">\n\t\t\t<div class=\"elementor-widget-wrap elementor-element-populated\">\n\t\t\t\t\t\t<div class=\"elementor-element elementor-element-c3e26ed elementor-widget elementor-widget-image\" data-id=\"c3e26ed\" data-element_type=\"widget\" data-widget_type=\"image.default\">\n\t\t\t\t<div class=\"elementor-widget-container\">\n\t\t\t\t\t\t\t\t\t\t\t\t\t\t\t<img fetchpriority=\"high\" decoding=\"async\" width=\"800\" height=\"530\" src=\"https:\/\/photocanoeardeche.com\/Photo7\/wp-content\/uploads\/2023\/08\/17A_0311-1024x678-1.jpg\" class=\"attachment-large size-large wp-image-31\" alt=\"photo de la descente de l&#039;Ard\u00e8che\" srcset=\"https:\/\/photocanoeardeche.com\/Photo7\/wp-content\/uploads\/2023\/08\/17A_0311-1024x678-1.jpg 1024w, https:\/\/photocanoeardeche.com\/Photo7\/wp-content\/uploads\/2023\/08\/17A_0311-1024x678-1-300x199.jpg 300w, https:\/\/photocanoeardeche.com\/Photo7\/wp-content\/uploads\/2023\/08\/17A_0311-1024x678-1-768x509.jpg 768w\" sizes=\"(max-width: 800px) 100vw, 800px\" \/>\t\t\t\t\t\t\t\t\t\t\t\t\t\t\t<\/div>\n\t\t\t\t<\/div>\n\t\t\t\t<div class=\"elementor-element elementor-element-b1ab758 elementor-align-center elementor-widget elementor-widget-button\" data-id=\"b1ab758\" data-element_type=\"widget\" data-widget_type=\"button.default\">\n\t\t\t\t<div class=\"elementor-widget-container\">\n\t\t\t\t\t\t\t\t\t<div class=\"elementor-button-wrapper\">\n\t\t\t\t\t<a class=\"elementor-button elementor-button-link elementor-size-md elementor-animation-grow\" href=\"https:\/\/photoardeche.pcscloud.net\/photo7_1?redirect=g1\">\n\t\t\t\t\t\t<span class=\"elementor-button-content-wrapper\">\n\t\t\t\t\t\t\t\t\t<span class=\"elementor-button-text\">Acc\u00e8s galerie 2023, Cliquez ici<\/span>\n\t\t\t\t\t<\/span>\n\t\t\t\t\t<\/a>\n\t\t\t\t<\/div>\n\t\t\t\t\t\t\t\t<\/div>\n\t\t\t\t<\/div>\n\t\t\t\t<div class=\"elementor-element elementor-element-42257bd elementor-widget elementor-widget-spacer\" data-id=\"42257bd\" data-element_type=\"widget\" data-widget_type=\"spacer.default\">\n\t\t\t\t<div class=\"elementor-widget-container\">\n\t\t\t\t\t\t\t<div class=\"elementor-spacer\">\n\t\t\t<div class=\"elementor-spacer-inner\"><\/div>\n\t\t<\/div>\n\t\t\t\t\t\t<\/div>\n\t\t\t\t<\/div>\n\t\t\t\t<div class=\"elementor-element elementor-element-c05aabc elementor-widget elementor-widget-heading\" data-id=\"c05aabc\" data-element_type=\"widget\" data-widget_type=\"heading.default\">\n\t\t\t\t<div class=\"elementor-widget-container\">\n\t\t\t\t\t<h3 class=\"elementor-heading-title elementor-size-default\">Une photo en t\u00e9l\u00e9chargement offerte sans obligation d'achat avec nos loueurs partenaires<\/h3>\t\t\t\t<\/div>\n\t\t\t\t<\/div>\n\t\t\t\t\t<\/div>\n\t\t<\/div>\n\t\t\t\t\t<\/div>\n\t\t<\/section>\n\t\t\t\t<section class=\"elementor-section elementor-top-section elementor-element elementor-element-f688a9c elementor-section-boxed elementor-section-height-default elementor-section-height-default\" data-id=\"f688a9c\" data-element_type=\"section\">\n\t\t\t\t\t\t<div class=\"elementor-container elementor-column-gap-default\">\n\t\t\t\t\t<div class=\"elementor-column elementor-col-100 elementor-top-column elementor-element elementor-element-5c3b0ea\" data-id=\"5c3b0ea\" data-element_type=\"column\">\n\t\t\t<div class=\"elementor-widget-wrap elementor-element-populated\">\n\t\t\t\t\t\t<div class=\"elementor-element elementor-element-738f47b elementor-widget elementor-widget-toggle\" data-id=\"738f47b\" data-element_type=\"widget\" data-widget_type=\"toggle.default\">\n\t\t\t\t<div class=\"elementor-widget-container\">\n\t\t\t\t\t\t\t<div class=\"elementor-toggle\">\n\t\t\t\t\t\t\t<div class=\"elementor-toggle-item\">\n\t\t\t\t\t<div id=\"elementor-tab-title-1211\" class=\"elementor-tab-title\" data-tab=\"1\" role=\"button\" aria-controls=\"elementor-tab-content-1211\" aria-expanded=\"false\">\n\t\t\t\t\t\t\t\t\t\t\t\t<span class=\"elementor-toggle-icon elementor-toggle-icon-left\" aria-hidden=\"true\">\n\t\t\t\t\t\t\t\t\t\t\t\t\t\t\t<span class=\"elementor-toggle-icon-closed\"><i class=\"fas fa-caret-right\"><\/i><\/span>\n\t\t\t\t\t\t\t\t<span class=\"elementor-toggle-icon-opened\"><i class=\"elementor-toggle-icon-opened fas fa-caret-up\"><\/i><\/span>\n\t\t\t\t\t\t\t\t\t\t\t\t\t<\/span>\n\t\t\t\t\t\t\t\t\t\t\t\t<a class=\"elementor-toggle-title\" tabindex=\"0\">Loueurs partenaires \"Photo offerte\"<\/a>\n\t\t\t\t\t<\/div>\n\n\t\t\t\t\t<div id=\"elementor-tab-content-1211\" class=\"elementor-tab-content elementor-clearfix\" data-tab=\"1\" role=\"region\" aria-labelledby=\"elementor-tab-title-1211\"><ul><li><span style=\"text-decoration: underline;\"><a href=\"https:\/\/photocanoeardeche.com\/Photo7\/index.php\/photo-descente-ardeche-aigue-vive\/\">Aigue vive<\/a><\/span><\/li><li>Castor cano\u00eb<\/li><li>Loulou bateaux<\/li><li>Cano\u00eb service<\/li><li>Acqua bateaux<\/li><li>Alain bateaux<\/li><li>Cap07<\/li><li>Viking bateaux<\/li><li>Canoyak<\/li><li>La petite mer<\/li><li>Ard\u00e8che aventure<\/li><li>La vern\u00e8de<\/li><li>Itin\u00e9raire passion<\/li><li>Azur cano\u00eb<\/li><li>Patou bateaux<\/li><li>La maison du cano\u00eb<\/li><\/ul><\/div>\n\t\t\t\t<\/div>\n\t\t\t\t\t\t\t<div class=\"elementor-toggle-item\">\n\t\t\t\t\t<div id=\"elementor-tab-title-1212\" class=\"elementor-tab-title\" data-tab=\"2\" role=\"button\" aria-controls=\"elementor-tab-content-1212\" aria-expanded=\"false\">\n\t\t\t\t\t\t\t\t\t\t\t\t<span class=\"elementor-toggle-icon elementor-toggle-icon-left\" aria-hidden=\"true\">\n\t\t\t\t\t\t\t\t\t\t\t\t\t\t\t<span class=\"elementor-toggle-icon-closed\"><i class=\"fas fa-caret-right\"><\/i><\/span>\n\t\t\t\t\t\t\t\t<span class=\"elementor-toggle-icon-opened\"><i class=\"elementor-toggle-icon-opened fas fa-caret-up\"><\/i><\/span>\n\t\t\t\t\t\t\t\t\t\t\t\t\t<\/span>\n\t\t\t\t\t\t\t\t\t\t\t\t<a class=\"elementor-toggle-title\" tabindex=\"0\">Loueurs partenaires \"remise 10%\"<\/a>\n\t\t\t\t\t<\/div>\n\n\t\t\t\t\t<div id=\"elementor-tab-content-1212\" class=\"elementor-tab-content elementor-clearfix\" data-tab=\"2\" role=\"region\" aria-labelledby=\"elementor-tab-title-1212\"><ul><li>Arche de no\u00e8<\/li><li>Locacano sport<\/li><li>Aventure cano\u00eb<\/li><li>Actions midi sports<\/li><li>Ard\u00e8che bateaux<\/li><li>Base nautique du pont d&rsquo;arc<\/li><li>Alpha bateaux<\/li><li>Rivi\u00e8res et nature<\/li><li>Les trois eaux<\/li><li>Bateaux du pont<\/li><li>Cano\u00eb kayak 07<\/li><\/ul><\/div>\n\t\t\t\t<\/div>\n\t\t\t\t\t\t\t\t<\/div>\n\t\t\t\t\t\t<\/div>\n\t\t\t\t<\/div>\n\t\t\t\t\t<\/div>\n\t\t<\/div>\n\t\t\t\t\t<\/div>\n\t\t<\/section>\n\t\t\t\t<section class=\"elementor-section elementor-top-section elementor-element elementor-element-708c70d elementor-section-boxed elementor-section-height-default elementor-section-height-default\" data-id=\"708c70d\" data-element_type=\"section\">\n\t\t\t\t\t\t<div class=\"elementor-container elementor-column-gap-default\">\n\t\t\t\t\t<div class=\"elementor-column elementor-col-100 elementor-top-column elementor-element elementor-element-f11c615\" data-id=\"f11c615\" data-element_type=\"column\">\n\t\t\t<div class=\"elementor-widget-wrap elementor-element-populated\">\n\t\t\t\t\t\t<div class=\"elementor-element elementor-element-ebff913 elementor-widget-divider--view-line elementor-widget elementor-widget-divider\" data-id=\"ebff913\" data-element_type=\"widget\" data-widget_type=\"divider.default\">\n\t\t\t\t<div class=\"elementor-widget-container\">\n\t\t\t\t\t\t\t<div class=\"elementor-divider\">\n\t\t\t<span class=\"elementor-divider-separator\">\n\t\t\t\t\t\t<\/span>\n\t\t<\/div>\n\t\t\t\t\t\t<\/div>\n\t\t\t\t<\/div>\n\t\t\t\t<div class=\"elementor-element elementor-element-ce15c71 elementor-widget elementor-widget-heading\" data-id=\"ce15c71\" data-element_type=\"widget\" data-widget_type=\"heading.default\">\n\t\t\t\t<div class=\"elementor-widget-container\">\n\t\t\t\t\t<h5 class=\"elementor-heading-title elementor-size-default\">Stop photo - Images Actions - Photo7. + de 45 ans d'exp\u00e9rience !<\/h5>\t\t\t\t<\/div>\n\t\t\t\t<\/div>\n\t\t\t\t\t<\/div>\n\t\t<\/div>\n\t\t\t\t\t<\/div>\n\t\t<\/section>\n\t\t\t\t<section class=\"elementor-section elementor-top-section elementor-element elementor-element-17e224f elementor-section-boxed elementor-section-height-default elementor-section-height-default\" data-id=\"17e224f\" data-element_type=\"section\">\n\t\t\t\t\t\t<div class=\"elementor-container elementor-column-gap-default\">\n\t\t\t\t\t<div class=\"elementor-column elementor-col-100 elementor-top-column elementor-element elementor-element-3dab5a5\" data-id=\"3dab5a5\" data-element_type=\"column\">\n\t\t\t<div class=\"elementor-widget-wrap elementor-element-populated\">\n\t\t\t\t\t\t<div class=\"elementor-element elementor-element-2da5f1a elementor-widget elementor-widget-text-editor\" data-id=\"2da5f1a\" data-element_type=\"widget\" data-widget_type=\"text-editor.default\">\n\t\t\t\t<div class=\"elementor-widget-container\">\n\t\t\t\t\t\t\t\t\t<p>\u00a0<\/p><p>D\u00e9couvrez la magie de la descente de l&rsquo;Ard\u00e8che \u00e0 travers les yeux des 8 photographes experts de Photo7. Plongez dans l&rsquo;aventure captivante de cette exp\u00e9rience m\u00e9morable, immortalis\u00e9e avec expertise et passion. Nos photographes d\u00e9di\u00e9s, chacun sp\u00e9cialis\u00e9 dans un parcours sp\u00e9cifique, ont saisi chaque instant, depuis les moments de d\u00e9tente sur les eaux calmes jusqu&rsquo;aux frissons des rapides, pour capturer toute l&rsquo;essence de cette aventure pittoresque.<\/p><p>Que vous optiez pour la mini descente de 5-8 km, la moyenne descente de 10-15 km ou la grande descente de 24-32 km, nos photographes vous accompagnent tout au long du parcours pour capturer des souvenirs uniques. Nous vous offrons un reportage complet avec plusieurs spots de prise de vue soigneusement s\u00e9lectionn\u00e9s pour vous garantir une couverture exhaustive de votre descente.<\/p><p>Chaque photo raconte une histoire diff\u00e9rente, r\u00e9v\u00e9lant la beaut\u00e9 brute des paysages ard\u00e9chois et l&rsquo;excitation palpable de l&rsquo;exploration. Les d\u00e9tails vifs et les couleurs \u00e9clatantes vous transportent instantan\u00e9ment au c\u0153ur de l&rsquo;action. Chez Photo7, nous aimons transformer les instants fugaces en souvenirs imp\u00e9rissables.<\/p><p>Que vous soyez un amateur de plein air, un passionn\u00e9 d&rsquo;aventure ou tout simplement un admirateur de la nature, nos photos de la descente de l&rsquo;Ard\u00e8che vous offrent une fen\u00eatre visuelle captivante sur cette exp\u00e9rience unique. Parcourez notre galerie pour vous impr\u00e9gner de la splendeur de l&rsquo;Ard\u00e8che comme si vous y \u00e9tiez. Feuilletez nos clich\u00e9s et laissez-vous emporter par l&rsquo;\u00e9nergie vibrante de cette aventure embl\u00e9matique.<\/p><p>Chez Photo7, nous figeons les moments pour que vous puissiez revivre toutes les \u00e9motions et conserver des souvenirs durables de cette exp\u00e9rience exceptionnelle.<\/p>\t\t\t\t\t\t\t\t<\/div>\n\t\t\t\t<\/div>\n\t\t\t\t<div class=\"elementor-element elementor-element-0e56ce5 elementor-widget elementor-widget-heading\" data-id=\"0e56ce5\" data-element_type=\"widget\" data-widget_type=\"heading.default\">\n\t\t\t\t<div class=\"elementor-widget-container\">\n\t\t\t\t\t<h6 class=\"elementor-heading-title elementor-size-default\">Venez nous voir dans notre boutique !<\/h6>\t\t\t\t<\/div>\n\t\t\t\t<\/div>\n\t\t\t\t\t<\/div>\n\t\t<\/div>\n\t\t\t\t\t<\/div>\n\t\t<\/section>\n\t\t\t\t<section class=\"elementor-section elementor-top-section elementor-element elementor-element-9b0d90b elementor-section-boxed elementor-section-height-default elementor-section-height-default\" data-id=\"9b0d90b\" data-element_type=\"section\">\n\t\t\t\t\t\t<div class=\"elementor-container elementor-column-gap-default\">\n\t\t\t\t\t<div class=\"elementor-column elementor-col-100 elementor-top-column elementor-element elementor-element-65e6fe5\" data-id=\"65e6fe5\" data-element_type=\"column\">\n\t\t\t<div class=\"elementor-widget-wrap elementor-element-populated\">\n\t\t\t\t\t\t<div class=\"elementor-element elementor-element-2d6565c elementor-widget elementor-widget-google_maps\" data-id=\"2d6565c\" data-element_type=\"widget\" data-widget_type=\"google_maps.default\">\n\t\t\t\t<div class=\"elementor-widget-container\">\n\t\t\t\t\t\t\t<div class=\"elementor-custom-embed\">\n\t\t\t<iframe loading=\"lazy\"\n\t\t\t\t\tsrc=\"https:\/\/maps.google.com\/maps?q=photo7%2C%20vallon%20pont%20d%27arc&#038;t=m&#038;z=10&#038;output=embed&#038;iwloc=near\"\n\t\t\t\t\ttitle=\"photo7, vallon pont d&#039;arc\"\n\t\t\t\t\taria-label=\"photo7, vallon pont d&#039;arc\"\n\t\t\t><\/iframe>\n\t\t<\/div>\n\t\t\t\t\t\t<\/div>\n\t\t\t\t<\/div>\n\t\t\t\t\t<\/div>\n\t\t<\/div>\n\t\t\t\t\t<\/div>\n\t\t<\/section>\n\t\t\t\t<section class=\"elementor-section elementor-top-section elementor-element elementor-element-1da6af9 elementor-section-boxed elementor-section-height-default elementor-section-height-default\" data-id=\"1da6af9\" data-element_type=\"section\">\n\t\t\t\t\t\t<div class=\"elementor-container elementor-column-gap-default\">\n\t\t\t\t\t<div class=\"elementor-column elementor-col-100 elementor-top-column elementor-element elementor-element-9fae368\" data-id=\"9fae368\" data-element_type=\"column\">\n\t\t\t<div class=\"elementor-widget-wrap elementor-element-populated\">\n\t\t\t\t\t\t<div class=\"elementor-element elementor-element-502eee6 elementor-widget elementor-widget-text-editor\" data-id=\"502eee6\" data-element_type=\"widget\" data-widget_type=\"text-editor.default\">\n\t\t\t\t<div class=\"elementor-widget-container\">\n\t\t\t\t\t\t\t\t\t<p><a href=\"https:\/\/www.photocanoe.net\/\">D\u00e9couvrir toutes nos activit\u00e9es: https:\/\/www.photocanoe.net\/<\/a><\/p>\t\t\t\t\t\t\t\t<\/div>\n\t\t\t\t<\/div>\n\t\t\t\t\t<\/div>\n\t\t<\/div>\n\t\t\t\t\t<\/div>\n\t\t<\/section>\n\t\t\t\t<\/div>\n\t\t","protected":false},"excerpt":{"rendered":"<p>Photo Cano\u00eb Ard\u00e8che D\u00e9couvrez les photos de votre descente de l&rsquo;Ard\u00e8che en cano\u00eb ! Acc\u00e8s galerie 2023, Cliquez ici Une photo en t\u00e9l\u00e9chargement offerte sans obligation d&rsquo;achat avec nos loueurs partenaires Loueurs partenaires \u00ab\u00a0Photo offerte\u00a0\u00bb Aigue vive Castor cano\u00eb Loulou bateaux Cano\u00eb service Acqua bateaux Alain bateaux Cap07 Viking bateaux Canoyak La petite mer Ard\u00e8che [&hellip;]<\/p>\n","protected":false},"author":1,"featured_media":31,"parent":0,"menu_order":0,"comment_status":"closed","ping_status":"closed","template":"elementor_canvas","meta":{"footnotes":""},"class_list":["post-18","page","type-page","status-publish","has-post-thumbnail","hentry"],"_links":{"self":[{"href":"https:\/\/photocanoeardeche.com\/Photo7\/index.php\/wp-json\/wp\/v2\/pages\/18","targetHints":{"allow":["GET"]}}],"collection":[{"href":"https:\/\/photocanoeardeche.com\/Photo7\/index.php\/wp-json\/wp\/v2\/pages"}],"about":[{"href":"https:\/\/photocanoeardeche.com\/Photo7\/index.php\/wp-json\/wp\/v2\/types\/page"}],"author":[{"embeddable":true,"href":"https:\/\/photocanoeardeche.com\/Photo7\/index.php\/wp-json\/wp\/v2\/users\/1"}],"replies":[{"embeddable":true,"href":"https:\/\/photocanoeardeche.com\/Photo7\/index.php\/wp-json\/wp\/v2\/comments?post=18"}],"version-history":[{"count":22,"href":"https:\/\/photocanoeardeche.com\/Photo7\/index.php\/wp-json\/wp\/v2\/pages\/18\/revisions"}],"predecessor-version":[{"id":70,"href":"https:\/\/photocanoeardeche.com\/Photo7\/index.php\/wp-json\/wp\/v2\/pages\/18\/revisions\/70"}],"wp:featuredmedia":[{"embeddable":true,"href":"https:\/\/photocanoeardeche.com\/Photo7\/index.php\/wp-json\/wp\/v2\/media\/31"}],"wp:attachment":[{"href":"https:\/\/photocanoeardeche.com\/Photo7\/index.php\/wp-json\/wp\/v2\/media?parent=18"}],"curies":[{"name":"wp","href":"https:\/\/api.w.org\/{rel}","templated":true}]}}