{"id":42,"date":"2023-08-27T20:27:58","date_gmt":"2023-08-27T18:27:58","guid":{"rendered":"https:\/\/photocanoeardeche.com\/Photo7\/?page_id=42"},"modified":"2023-08-27T20:52:14","modified_gmt":"2023-08-27T18:52:14","slug":"photo-descente-ardeche-aigue-vive","status":"publish","type":"page","link":"https:\/\/photocanoeardeche.com\/Photo7\/index.php\/photo-descente-ardeche-aigue-vive\/","title":{"rendered":"Photo descente Ard\u00e8che Aigue Vive"},"content":{"rendered":"\t\t<div data-elementor-type=\"wp-page\" data-elementor-id=\"42\" class=\"elementor elementor-42\" data-elementor-post-type=\"page\">\n\t\t\t\t\t\t<section class=\"elementor-section elementor-top-section elementor-element elementor-element-2057794 elementor-section-boxed elementor-section-height-default elementor-section-height-default\" data-id=\"2057794\" data-element_type=\"section\">\n\t\t\t\t\t\t<div class=\"elementor-container elementor-column-gap-default\">\n\t\t\t\t\t<div class=\"elementor-column elementor-col-100 elementor-top-column elementor-element elementor-element-8e11077\" data-id=\"8e11077\" data-element_type=\"column\">\n\t\t\t<div class=\"elementor-widget-wrap elementor-element-populated\">\n\t\t\t\t\t\t<div class=\"elementor-element elementor-element-167a36a elementor-widget elementor-widget-heading\" data-id=\"167a36a\" data-element_type=\"widget\" data-widget_type=\"heading.default\">\n\t\t\t\t<div class=\"elementor-widget-container\">\n\t\t\t\t\t<h2 class=\"elementor-heading-title elementor-size-default\">Photos De la descente de l'Ard\u00e8che avec Aigue vive <\/h2>\t\t\t\t<\/div>\n\t\t\t\t<\/div>\n\t\t\t\t\t<\/div>\n\t\t<\/div>\n\t\t\t\t\t<\/div>\n\t\t<\/section>\n\t\t\t\t<section class=\"elementor-section elementor-top-section elementor-element elementor-element-1c3f252 elementor-section-boxed elementor-section-height-default elementor-section-height-default\" data-id=\"1c3f252\" data-element_type=\"section\">\n\t\t\t\t\t\t<div class=\"elementor-container elementor-column-gap-default\">\n\t\t\t\t\t<div class=\"elementor-column elementor-col-100 elementor-top-column elementor-element elementor-element-f982e03\" data-id=\"f982e03\" data-element_type=\"column\">\n\t\t\t<div class=\"elementor-widget-wrap elementor-element-populated\">\n\t\t\t\t\t\t<div class=\"elementor-element elementor-element-7d4d3c5 elementor-widget elementor-widget-heading\" data-id=\"7d4d3c5\" data-element_type=\"widget\" data-widget_type=\"heading.default\">\n\t\t\t\t<div class=\"elementor-widget-container\">\n\t\t\t\t\t<h2 class=\"elementor-heading-title elementor-size-default\">Partenaires officiel de photo7, Aigue vive vous offre la photo de votre choix en t\u00e9l\u00e9chargement sans obligation d'achat !<\/h2>\t\t\t\t<\/div>\n\t\t\t\t<\/div>\n\t\t\t\t\t<\/div>\n\t\t<\/div>\n\t\t\t\t\t<\/div>\n\t\t<\/section>\n\t\t\t\t<section class=\"elementor-section elementor-top-section elementor-element elementor-element-bede900 elementor-section-boxed elementor-section-height-default elementor-section-height-default\" data-id=\"bede900\" data-element_type=\"section\">\n\t\t\t\t\t\t<div class=\"elementor-container elementor-column-gap-default\">\n\t\t\t\t\t<div class=\"elementor-column elementor-col-100 elementor-top-column elementor-element elementor-element-6d8f07c\" data-id=\"6d8f07c\" data-element_type=\"column\">\n\t\t\t<div class=\"elementor-widget-wrap elementor-element-populated\">\n\t\t\t\t\t\t<div class=\"elementor-element elementor-element-a199e1e elementor-widget elementor-widget-image\" data-id=\"a199e1e\" data-element_type=\"widget\" data-widget_type=\"image.default\">\n\t\t\t\t<div class=\"elementor-widget-container\">\n\t\t\t\t\t\t\t\t\t\t\t\t\t\t\t<img fetchpriority=\"high\" decoding=\"async\" width=\"800\" height=\"475\" src=\"https:\/\/photocanoeardeche.com\/Photo7\/wp-content\/uploads\/2023\/08\/aigue-vive-photo-offerte.jpg\" class=\"attachment-large size-large wp-image-45\" alt=\"photo offerte aigue vive\" srcset=\"https:\/\/photocanoeardeche.com\/Photo7\/wp-content\/uploads\/2023\/08\/aigue-vive-photo-offerte.jpg 850w, https:\/\/photocanoeardeche.com\/Photo7\/wp-content\/uploads\/2023\/08\/aigue-vive-photo-offerte-300x178.jpg 300w, https:\/\/photocanoeardeche.com\/Photo7\/wp-content\/uploads\/2023\/08\/aigue-vive-photo-offerte-768x456.jpg 768w\" sizes=\"(max-width: 800px) 100vw, 800px\" \/>\t\t\t\t\t\t\t\t\t\t\t\t\t\t\t<\/div>\n\t\t\t\t<\/div>\n\t\t\t\t<div class=\"elementor-element elementor-element-642837a elementor-headline--style-highlight elementor-widget elementor-widget-animated-headline\" data-id=\"642837a\" data-element_type=\"widget\" data-settings=\"{&quot;highlighted_text&quot;:&quot;Aiguevive23&quot;,&quot;highlight_animation_duration&quot;:1190,&quot;headline_style&quot;:&quot;highlight&quot;,&quot;marker&quot;:&quot;circle&quot;,&quot;loop&quot;:&quot;yes&quot;,&quot;highlight_iteration_delay&quot;:8000}\" data-widget_type=\"animated-headline.default\">\n\t\t\t\t<div class=\"elementor-widget-container\">\n\t\t\t\t\t\t\t<h3 class=\"elementor-headline\">\n\t\t\t\t\t<span class=\"elementor-headline-plain-text elementor-headline-text-wrapper\">Code \"photo offerte\" : <\/span>\n\t\t\t\t<span class=\"elementor-headline-dynamic-wrapper elementor-headline-text-wrapper\">\n\t\t\t\t\t<span class=\"elementor-headline-dynamic-text elementor-headline-text-active\">Aiguevive23<\/span>\n\t\t\t\t<\/span>\n\t\t\t\t<\/h3>\n\t\t\t\t\t\t<\/div>\n\t\t\t\t<\/div>\n\t\t\t\t\t<\/div>\n\t\t<\/div>\n\t\t\t\t\t<\/div>\n\t\t<\/section>\n\t\t\t\t<section class=\"elementor-section elementor-top-section elementor-element elementor-element-494eb3a elementor-section-boxed elementor-section-height-default elementor-section-height-default\" data-id=\"494eb3a\" data-element_type=\"section\">\n\t\t\t\t\t\t<div class=\"elementor-container elementor-column-gap-default\">\n\t\t\t\t\t<div class=\"elementor-column elementor-col-100 elementor-top-column elementor-element elementor-element-425d0ab\" data-id=\"425d0ab\" data-element_type=\"column\">\n\t\t\t<div class=\"elementor-widget-wrap elementor-element-populated\">\n\t\t\t\t\t\t<div class=\"elementor-element elementor-element-378c7c7 elementor-align-center elementor-widget elementor-widget-button\" data-id=\"378c7c7\" data-element_type=\"widget\" data-widget_type=\"button.default\">\n\t\t\t\t<div class=\"elementor-widget-container\">\n\t\t\t\t\t\t\t\t\t<div class=\"elementor-button-wrapper\">\n\t\t\t\t\t<a class=\"elementor-button elementor-button-link elementor-size-lg elementor-animation-grow\" href=\"https:\/\/photoardeche.pcscloud.net\/photo7_1\">\n\t\t\t\t\t\t<span class=\"elementor-button-content-wrapper\">\n\t\t\t\t\t\t\t\t\t<span class=\"elementor-button-text\">Acc\u00e9s \u00e0 la galerie photo, Cliquez ici<\/span>\n\t\t\t\t\t<\/span>\n\t\t\t\t\t<\/a>\n\t\t\t\t<\/div>\n\t\t\t\t\t\t\t\t<\/div>\n\t\t\t\t<\/div>\n\t\t\t\t\t<\/div>\n\t\t<\/div>\n\t\t\t\t\t<\/div>\n\t\t<\/section>\n\t\t\t\t<section class=\"elementor-section elementor-top-section elementor-element elementor-element-dac0f4f elementor-section-boxed elementor-section-height-default elementor-section-height-default\" data-id=\"dac0f4f\" data-element_type=\"section\">\n\t\t\t\t\t\t<div class=\"elementor-container elementor-column-gap-default\">\n\t\t\t\t\t<div class=\"elementor-column elementor-col-100 elementor-top-column elementor-element elementor-element-10dea62\" data-id=\"10dea62\" data-element_type=\"column\">\n\t\t\t<div class=\"elementor-widget-wrap elementor-element-populated\">\n\t\t\t\t\t\t<div class=\"elementor-element elementor-element-c058ab9 elementor-widget elementor-widget-text-editor\" data-id=\"c058ab9\" data-element_type=\"widget\" data-widget_type=\"text-editor.default\">\n\t\t\t\t<div class=\"elementor-widget-container\">\n\t\t\t\t\t\t\t\t\t<p><strong><span style=\"text-decoration: underline;\">Conseil pour commander !\u00a0<\/span><\/strong><\/p><p>Choisissez la date, le parcours, le loueur (aigue vive), l&rsquo;heure de d\u00e9part.<\/p><p>Retrouvez une photo, cliquez sur le petit c\u0153ur en bas \u00e0 droite de la vignette et nous retrouverons toutes les photos r\u00e9alis\u00e9es sur votre parcours !<\/p><p>Vous les retrouverez dans votre panier.<\/p><p>Supprimez celles que vous ne souhaitez pas commander.<\/p><p>\u00a0<\/p>\t\t\t\t\t\t\t\t<\/div>\n\t\t\t\t<\/div>\n\t\t\t\t\t<\/div>\n\t\t<\/div>\n\t\t\t\t\t<\/div>\n\t\t<\/section>\n\t\t\t\t<section class=\"elementor-section elementor-top-section elementor-element elementor-element-30b187f elementor-section-boxed elementor-section-height-default elementor-section-height-default\" data-id=\"30b187f\" data-element_type=\"section\">\n\t\t\t\t\t\t<div class=\"elementor-container elementor-column-gap-default\">\n\t\t\t\t\t<div class=\"elementor-column elementor-col-100 elementor-top-column elementor-element elementor-element-69ac68f\" data-id=\"69ac68f\" data-element_type=\"column\">\n\t\t\t<div class=\"elementor-widget-wrap elementor-element-populated\">\n\t\t\t\t\t\t<div class=\"elementor-element elementor-element-b07e97c elementor-widget elementor-widget-heading\" data-id=\"b07e97c\" data-element_type=\"widget\" data-widget_type=\"heading.default\">\n\t\t\t\t<div class=\"elementor-widget-container\">\n\t\t\t\t\t<h2 class=\"elementor-heading-title elementor-size-default\">Aigue vive<\/h2>\t\t\t\t<\/div>\n\t\t\t\t<\/div>\n\t\t\t\t\t<\/div>\n\t\t<\/div>\n\t\t\t\t\t<\/div>\n\t\t<\/section>\n\t\t\t\t<section class=\"elementor-section elementor-top-section elementor-element elementor-element-775081d elementor-section-boxed elementor-section-height-default elementor-section-height-default\" data-id=\"775081d\" data-element_type=\"section\" data-settings=\"{&quot;background_background&quot;:&quot;gradient&quot;}\">\n\t\t\t\t\t\t<div class=\"elementor-container elementor-column-gap-default\">\n\t\t\t\t\t<div class=\"elementor-column elementor-col-100 elementor-top-column elementor-element elementor-element-0035536\" data-id=\"0035536\" data-element_type=\"column\">\n\t\t\t<div class=\"elementor-widget-wrap elementor-element-populated\">\n\t\t\t\t\t\t<div class=\"elementor-element elementor-element-8e33222 elementor-widget elementor-widget-text-editor\" data-id=\"8e33222\" data-element_type=\"widget\" data-widget_type=\"text-editor.default\">\n\t\t\t\t<div class=\"elementor-widget-container\">\n\t\t\t\t\t\t\t\t\t<p>\u00ab\u00a0D\u00e9couvrez l&rsquo;aventure en toute libert\u00e9 avec la location de cano\u00eb \u00e0 Aigue Vive. Naviguez sur les eaux de l&rsquo;Ard\u00e8che, explorez la nature environnante et cr\u00e9ez des souvenirs inoubliables. Que vous soyez d\u00e9butant ou exp\u00e9riment\u00e9, notre \u00e9quipe est l\u00e0 pour vous offrir une exp\u00e9rience exceptionnelle. <a href=\"https:\/\/www.aigue-vive.com\/\"><span style=\"text-decoration: underline;\">R\u00e9servez d\u00e8s maintenant et embarquez pour une aventure unique sur l&rsquo;eau<\/span><\/a>.\u00a0\u00bb<\/p>\t\t\t\t\t\t\t\t<\/div>\n\t\t\t\t<\/div>\n\t\t\t\t\t<\/div>\n\t\t<\/div>\n\t\t\t\t\t<\/div>\n\t\t<\/section>\n\t\t\t\t<\/div>\n\t\t","protected":false},"excerpt":{"rendered":"<p>Photos De la descente de l&rsquo;Ard\u00e8che avec Aigue vive Partenaires officiel de photo7, Aigue vive vous offre la photo de votre choix en t\u00e9l\u00e9chargement sans obligation d&rsquo;achat ! Code \u00ab\u00a0photo offerte\u00a0\u00bb : Aiguevive23 Acc\u00e9s \u00e0 la galerie photo, Cliquez ici Conseil pour commander !\u00a0 Choisissez la date, le parcours, le loueur (aigue vive), l&rsquo;heure de [&hellip;]<\/p>\n","protected":false},"author":1,"featured_media":43,"parent":0,"menu_order":0,"comment_status":"closed","ping_status":"closed","template":"","meta":{"footnotes":""},"class_list":["post-42","page","type-page","status-publish","has-post-thumbnail","hentry"],"_links":{"self":[{"href":"https:\/\/photocanoeardeche.com\/Photo7\/index.php\/wp-json\/wp\/v2\/pages\/42","targetHints":{"allow":["GET"]}}],"collection":[{"href":"https:\/\/photocanoeardeche.com\/Photo7\/index.php\/wp-json\/wp\/v2\/pages"}],"about":[{"href":"https:\/\/photocanoeardeche.com\/Photo7\/index.php\/wp-json\/wp\/v2\/types\/page"}],"author":[{"embeddable":true,"href":"https:\/\/photocanoeardeche.com\/Photo7\/index.php\/wp-json\/wp\/v2\/users\/1"}],"replies":[{"embeddable":true,"href":"https:\/\/photocanoeardeche.com\/Photo7\/index.php\/wp-json\/wp\/v2\/comments?post=42"}],"version-history":[{"count":17,"href":"https:\/\/photocanoeardeche.com\/Photo7\/index.php\/wp-json\/wp\/v2\/pages\/42\/revisions"}],"predecessor-version":[{"id":63,"href":"https:\/\/photocanoeardeche.com\/Photo7\/index.php\/wp-json\/wp\/v2\/pages\/42\/revisions\/63"}],"wp:featuredmedia":[{"embeddable":true,"href":"https:\/\/photocanoeardeche.com\/Photo7\/index.php\/wp-json\/wp\/v2\/media\/43"}],"wp:attachment":[{"href":"https:\/\/photocanoeardeche.com\/Photo7\/index.php\/wp-json\/wp\/v2\/media?parent=42"}],"curies":[{"name":"wp","href":"https:\/\/api.w.org\/{rel}","templated":true}]}}